{"id":3596,"date":"2021-04-17T22:00:33","date_gmt":"2021-04-17T20:00:33","guid":{"rendered":"https:\/\/www.brodasbros.com\/?post_type=mec-events&#038;p=3596"},"modified":"2021-06-04T11:24:46","modified_gmt":"2021-06-04T09:24:46","slug":"brodas-bros-jurado-en-premis-coreografics-catalunya","status":"publish","type":"mec-events","link":"https:\/\/www.brodasbros.com\/ca\/events\/brodas-bros-jurado-en-premis-coreografics-catalunya\/","title":{"rendered":"BRODAS BROS JURADO EN &#8220;PREMIS COREOGR\u00c0FICS CATALUNYA&#8221; EN SANT BOI DE LLOBREGAT"},"content":{"rendered":"\r\n<p>Brodas Bros ser\u00e1 uno de los miembros del jurado de los &#8220;premis coreogr\u00e0fics Catalunya&#8221; que se celebrar\u00e1 en Sant boi de Llobregat<\/p>\r\n","protected":false},"excerpt":{"rendered":"<p>Brodas Bros ser\u00e1 uno de los miembros del jurado de los &#8220;premis coreogr\u00e0fics Catalunya&#8221; que se celebrar\u00e1 en Sant boi de Llobregat<\/p>\n","protected":false},"author":3,"featured_media":1706,"comment_status":"closed","ping_status":"closed","template":"","tags":[],"mec_category":[],"class_list":["post-3596","mec-events","type-mec-events","status-publish","has-post-thumbnail","hentry"],"yoast_head":"<!-- This site is optimized with the Yoast SEO plugin v26.0 - https:\/\/yoast.com\/wordpress\/plugins\/seo\/ -->\n<title>BRODAS BROS JURADO EN &quot;PREMIS COREOGR\u00c0FICS CATALUNYA&quot; EN SANT BOI DE LLOBREGAT - Brodas Bros<\/title>\n<meta name=\"robots\" content=\"index, follow, max-snippet:-1, max-image-preview:large, max-video-preview:-1\" \/>\n<link rel=\"canonical\" href=\"https:\/\/www.brodasbros.com\/ca\/events\/brodas-bros-jurado-en-premis-coreografics-catalunya\/\" \/>\n<meta property=\"og:locale\" content=\"ca_ES\" \/>\n<meta property=\"og:type\" content=\"article\" \/>\n<meta property=\"og:title\" content=\"BRODAS BROS JURADO EN &quot;PREMIS COREOGR\u00c0FICS CATALUNYA&quot; EN SANT BOI DE LLOBREGAT - Brodas Bros\" \/>\n<meta property=\"og:description\" content=\"Brodas Bros ser\u00e1 uno de los miembros del jurado de los &#8220;premis coreogr\u00e0fics Catalunya&#8221; que se celebrar\u00e1 en Sant boi de Llobregat\" \/>\n<meta property=\"og:url\" content=\"https:\/\/www.brodasbros.com\/ca\/events\/brodas-bros-jurado-en-premis-coreografics-catalunya\/\" \/>\n<meta property=\"og:site_name\" content=\"Brodas Bros\" \/>\n<meta property=\"article:publisher\" content=\"https:\/\/www.facebook.com\/brodasbros\" \/>\n<meta property=\"article:modified_time\" content=\"2021-06-04T09:24:46+00:00\" \/>\n<meta property=\"og:image\" content=\"https:\/\/www.brodasbros.com\/wp-content\/uploads\/2019\/11\/VANER_bros-300x119.jpg\" \/>\n\t<meta property=\"og:image:width\" content=\"300\" \/>\n\t<meta property=\"og:image:height\" content=\"119\" \/>\n\t<meta property=\"og:image:type\" content=\"image\/jpeg\" \/>\n<meta name=\"twitter:card\" content=\"summary_large_image\" \/>\n<meta name=\"twitter:site\" content=\"@brodasbros\" \/>\n<script type=\"application\/ld+json\" class=\"yoast-schema-graph\">{\"@context\":\"https:\/\/schema.org\",\"@graph\":[{\"@type\":\"WebPage\",\"@id\":\"https:\/\/www.brodasbros.com\/ca\/events\/brodas-bros-jurado-en-premis-coreografics-catalunya\/\",\"url\":\"https:\/\/www.brodasbros.com\/ca\/events\/brodas-bros-jurado-en-premis-coreografics-catalunya\/\",\"name\":\"BRODAS BROS JURADO EN \\\"PREMIS COREOGR\u00c0FICS CATALUNYA\\\" EN SANT BOI DE LLOBREGAT - Brodas Bros\",\"isPartOf\":{\"@id\":\"https:\/\/www.brodasbros.com\/ca\/#website\"},\"primaryImageOfPage\":{\"@id\":\"https:\/\/www.brodasbros.com\/ca\/events\/brodas-bros-jurado-en-premis-coreografics-catalunya\/#primaryimage\"},\"image\":{\"@id\":\"https:\/\/www.brodasbros.com\/ca\/events\/brodas-bros-jurado-en-premis-coreografics-catalunya\/#primaryimage\"},\"thumbnailUrl\":\"https:\/\/www.brodasbros.com\/wp-content\/uploads\/2019\/11\/VANER_bros-300x119.jpg\",\"datePublished\":\"2021-04-17T20:00:33+00:00\",\"dateModified\":\"2021-06-04T09:24:46+00:00\",\"breadcrumb\":{\"@id\":\"https:\/\/www.brodasbros.com\/ca\/events\/brodas-bros-jurado-en-premis-coreografics-catalunya\/#breadcrumb\"},\"inLanguage\":\"ca\",\"potentialAction\":[{\"@type\":\"ReadAction\",\"target\":[\"https:\/\/www.brodasbros.com\/ca\/events\/brodas-bros-jurado-en-premis-coreografics-catalunya\/\"]}]},{\"@type\":\"ImageObject\",\"inLanguage\":\"ca\",\"@id\":\"https:\/\/www.brodasbros.com\/ca\/events\/brodas-bros-jurado-en-premis-coreografics-catalunya\/#primaryimage\",\"url\":\"https:\/\/www.brodasbros.com\/wp-content\/uploads\/2019\/11\/VANER_bros-300x119.jpg\",\"contentUrl\":\"https:\/\/www.brodasbros.com\/wp-content\/uploads\/2019\/11\/VANER_bros-300x119.jpg\",\"width\":300,\"height\":119},{\"@type\":\"BreadcrumbList\",\"@id\":\"https:\/\/www.brodasbros.com\/ca\/events\/brodas-bros-jurado-en-premis-coreografics-catalunya\/#breadcrumb\",\"itemListElement\":[{\"@type\":\"ListItem\",\"position\":1,\"name\":\"Portada\",\"item\":\"https:\/\/www.brodasbros.com\/ca\/\"},{\"@type\":\"ListItem\",\"position\":2,\"name\":\"Events\",\"item\":\"https:\/\/www.brodasbros.com\/ca\/events\/\"},{\"@type\":\"ListItem\",\"position\":3,\"name\":\"BRODAS BROS JURADO EN &#8220;PREMIS COREOGR\u00c0FICS CATALUNYA&#8221; EN SANT BOI DE LLOBREGAT\"}]},{\"@type\":\"WebSite\",\"@id\":\"https:\/\/www.brodasbros.com\/ca\/#website\",\"url\":\"https:\/\/www.brodasbros.com\/ca\/\",\"name\":\"Brodas Bros\",\"description\":\"\",\"publisher\":{\"@id\":\"https:\/\/www.brodasbros.com\/ca\/#organization\"},\"potentialAction\":[{\"@type\":\"SearchAction\",\"target\":{\"@type\":\"EntryPoint\",\"urlTemplate\":\"https:\/\/www.brodasbros.com\/ca\/?s={search_term_string}\"},\"query-input\":{\"@type\":\"PropertyValueSpecification\",\"valueRequired\":true,\"valueName\":\"search_term_string\"}}],\"inLanguage\":\"ca\"},{\"@type\":\"Organization\",\"@id\":\"https:\/\/www.brodasbros.com\/ca\/#organization\",\"name\":\"Brodas Bros\",\"url\":\"https:\/\/www.brodasbros.com\/ca\/\",\"logo\":{\"@type\":\"ImageObject\",\"inLanguage\":\"ca\",\"@id\":\"https:\/\/www.brodasbros.com\/ca\/#\/schema\/logo\/image\/\",\"url\":\"https:\/\/www.brodasbros.com\/wp-content\/uploads\/2019\/10\/BrodasBros-red.svg\",\"contentUrl\":\"https:\/\/www.brodasbros.com\/wp-content\/uploads\/2019\/10\/BrodasBros-red.svg\",\"width\":405,\"height\":247,\"caption\":\"Brodas Bros\"},\"image\":{\"@id\":\"https:\/\/www.brodasbros.com\/ca\/#\/schema\/logo\/image\/\"},\"sameAs\":[\"https:\/\/www.facebook.com\/brodasbros\",\"https:\/\/x.com\/brodasbros\",\"https:\/\/www.instagram.com\/brodasbros.official\/\",\"https:\/\/www.youtube.com\/user\/Brodasbros\"]}]}<\/script>\n<!-- \/ Yoast SEO plugin. -->","yoast_head_json":{"title":"BRODAS BROS JURADO EN \"PREMIS COREOGR\u00c0FICS CATALUNYA\" EN SANT BOI DE LLOBREGAT - Brodas Bros","robots":{"index":"index","follow":"follow","max-snippet":"max-snippet:-1","max-image-preview":"max-image-preview:large","max-video-preview":"max-video-preview:-1"},"canonical":"https:\/\/www.brodasbros.com\/ca\/events\/brodas-bros-jurado-en-premis-coreografics-catalunya\/","og_locale":"ca_ES","og_type":"article","og_title":"BRODAS BROS JURADO EN \"PREMIS COREOGR\u00c0FICS CATALUNYA\" EN SANT BOI DE LLOBREGAT - Brodas Bros","og_description":"Brodas Bros ser\u00e1 uno de los miembros del jurado de los &#8220;premis coreogr\u00e0fics Catalunya&#8221; que se celebrar\u00e1 en Sant boi de Llobregat","og_url":"https:\/\/www.brodasbros.com\/ca\/events\/brodas-bros-jurado-en-premis-coreografics-catalunya\/","og_site_name":"Brodas Bros","article_publisher":"https:\/\/www.facebook.com\/brodasbros","article_modified_time":"2021-06-04T09:24:46+00:00","og_image":[{"width":300,"height":119,"url":"https:\/\/www.brodasbros.com\/wp-content\/uploads\/2019\/11\/VANER_bros-300x119.jpg","type":"image\/jpeg"}],"twitter_card":"summary_large_image","twitter_site":"@brodasbros","schema":{"@context":"https:\/\/schema.org","@graph":[{"@type":"WebPage","@id":"https:\/\/www.brodasbros.com\/ca\/events\/brodas-bros-jurado-en-premis-coreografics-catalunya\/","url":"https:\/\/www.brodasbros.com\/ca\/events\/brodas-bros-jurado-en-premis-coreografics-catalunya\/","name":"BRODAS BROS JURADO EN \"PREMIS COREOGR\u00c0FICS CATALUNYA\" EN SANT BOI DE LLOBREGAT - Brodas Bros","isPartOf":{"@id":"https:\/\/www.brodasbros.com\/ca\/#website"},"primaryImageOfPage":{"@id":"https:\/\/www.brodasbros.com\/ca\/events\/brodas-bros-jurado-en-premis-coreografics-catalunya\/#primaryimage"},"image":{"@id":"https:\/\/www.brodasbros.com\/ca\/events\/brodas-bros-jurado-en-premis-coreografics-catalunya\/#primaryimage"},"thumbnailUrl":"https:\/\/www.brodasbros.com\/wp-content\/uploads\/2019\/11\/VANER_bros-300x119.jpg","datePublished":"2021-04-17T20:00:33+00:00","dateModified":"2021-06-04T09:24:46+00:00","breadcrumb":{"@id":"https:\/\/www.brodasbros.com\/ca\/events\/brodas-bros-jurado-en-premis-coreografics-catalunya\/#breadcrumb"},"inLanguage":"ca","potentialAction":[{"@type":"ReadAction","target":["https:\/\/www.brodasbros.com\/ca\/events\/brodas-bros-jurado-en-premis-coreografics-catalunya\/"]}]},{"@type":"ImageObject","inLanguage":"ca","@id":"https:\/\/www.brodasbros.com\/ca\/events\/brodas-bros-jurado-en-premis-coreografics-catalunya\/#primaryimage","url":"https:\/\/www.brodasbros.com\/wp-content\/uploads\/2019\/11\/VANER_bros-300x119.jpg","contentUrl":"https:\/\/www.brodasbros.com\/wp-content\/uploads\/2019\/11\/VANER_bros-300x119.jpg","width":300,"height":119},{"@type":"BreadcrumbList","@id":"https:\/\/www.brodasbros.com\/ca\/events\/brodas-bros-jurado-en-premis-coreografics-catalunya\/#breadcrumb","itemListElement":[{"@type":"ListItem","position":1,"name":"Portada","item":"https:\/\/www.brodasbros.com\/ca\/"},{"@type":"ListItem","position":2,"name":"Events","item":"https:\/\/www.brodasbros.com\/ca\/events\/"},{"@type":"ListItem","position":3,"name":"BRODAS BROS JURADO EN &#8220;PREMIS COREOGR\u00c0FICS CATALUNYA&#8221; EN SANT BOI DE LLOBREGAT"}]},{"@type":"WebSite","@id":"https:\/\/www.brodasbros.com\/ca\/#website","url":"https:\/\/www.brodasbros.com\/ca\/","name":"Brodas Bros","description":"","publisher":{"@id":"https:\/\/www.brodasbros.com\/ca\/#organization"},"potentialAction":[{"@type":"SearchAction","target":{"@type":"EntryPoint","urlTemplate":"https:\/\/www.brodasbros.com\/ca\/?s={search_term_string}"},"query-input":{"@type":"PropertyValueSpecification","valueRequired":true,"valueName":"search_term_string"}}],"inLanguage":"ca"},{"@type":"Organization","@id":"https:\/\/www.brodasbros.com\/ca\/#organization","name":"Brodas Bros","url":"https:\/\/www.brodasbros.com\/ca\/","logo":{"@type":"ImageObject","inLanguage":"ca","@id":"https:\/\/www.brodasbros.com\/ca\/#\/schema\/logo\/image\/","url":"https:\/\/www.brodasbros.com\/wp-content\/uploads\/2019\/10\/BrodasBros-red.svg","contentUrl":"https:\/\/www.brodasbros.com\/wp-content\/uploads\/2019\/10\/BrodasBros-red.svg","width":405,"height":247,"caption":"Brodas Bros"},"image":{"@id":"https:\/\/www.brodasbros.com\/ca\/#\/schema\/logo\/image\/"},"sameAs":["https:\/\/www.facebook.com\/brodasbros","https:\/\/x.com\/brodasbros","https:\/\/www.instagram.com\/brodasbros.official\/","https:\/\/www.youtube.com\/user\/Brodasbros"]}]}},"_links":{"self":[{"href":"https:\/\/www.brodasbros.com\/ca\/wp-json\/wp\/v2\/mec-events\/3596","targetHints":{"allow":["GET"]}}],"collection":[{"href":"https:\/\/www.brodasbros.com\/ca\/wp-json\/wp\/v2\/mec-events"}],"about":[{"href":"https:\/\/www.brodasbros.com\/ca\/wp-json\/wp\/v2\/types\/mec-events"}],"author":[{"embeddable":true,"href":"https:\/\/www.brodasbros.com\/ca\/wp-json\/wp\/v2\/users\/3"}],"replies":[{"embeddable":true,"href":"https:\/\/www.brodasbros.com\/ca\/wp-json\/wp\/v2\/comments?post=3596"}],"version-history":[{"count":0,"href":"https:\/\/www.brodasbros.com\/ca\/wp-json\/wp\/v2\/mec-events\/3596\/revisions"}],"wp:featuredmedia":[{"embeddable":true,"href":"https:\/\/www.brodasbros.com\/ca\/wp-json\/wp\/v2\/media\/1706"}],"wp:attachment":[{"href":"https:\/\/www.brodasbros.com\/ca\/wp-json\/wp\/v2\/media?parent=3596"}],"wp:term":[{"taxonomy":"post_tag","embeddable":true,"href":"https:\/\/www.brodasbros.com\/ca\/wp-json\/wp\/v2\/tags?post=3596"},{"taxonomy":"mec_category","embeddable":true,"href":"https:\/\/www.brodasbros.com\/ca\/wp-json\/wp\/v2\/mec_category?post=3596"}],"curies":[{"name":"wp","href":"https:\/\/api.w.org\/{rel}","templated":true}]}}

BRODAS BROS JURADO EN &#8220;PREMIS COREOGRÀFICS CATALUNYA&#8221; EN SANT BOI DE LLOBREGAT

<p>Brodas Bros será uno de los miembros del jurado de los &#8220;premis coreogràfics Catalunya&#8221; que se celebrará en Sant boi de Llobregat</p>

<!-- This site is optimized with the Yoast SEO plugin v26.0 - https://yoast.com/wordpress/plugins/seo/ -->
<title>BRODAS BROS JURADO EN &quot;PREMIS COREOGRÀFICS CATALUNYA&quot; EN SANT BOI DE LLOBREGAT - Brodas Bros</title>
<meta name="robots" content="index, follow, max-snippet:-1, max-image-preview:large, max-video-preview:-1" />
<link rel="canonical" href="https://www.brodasbros.com/ca/events/brodas-bros-jurado-en-premis-coreografics-catalunya/" />
<meta property="og:locale" content="ca_ES" />
<meta property="og:type" content="article" />
<meta property="og:title" content="BRODAS BROS JURADO EN &quot;PREMIS COREOGRÀFICS CATALUNYA&quot; EN SANT BOI DE LLOBREGAT - Brodas Bros" />
<meta property="og:description" content="Brodas Bros será uno de los miembros del jurado de los &#8220;premis coreogràfics Catalunya&#8221; que se celebrará en Sant boi de Llobregat" />
<meta property="og:url" content="https://www.brodasbros.com/ca/events/brodas-bros-jurado-en-premis-coreografics-catalunya/" />
<meta property="og:site_name" content="Brodas Bros" />
<meta property="article:publisher" content="https://www.facebook.com/brodasbros" />
<meta property="article:modified_time" content="2021-06-04T09:24:46+00:00" />
<meta property="og:image" content="https://www.brodasbros.com/wp-content/uploads/2019/11/VANER_bros-300x119.jpg" />
	<meta property="og:image:width" content="300" />
	<meta property="og:image:height" content="119" />
	<meta property="og:image:type" content="image/jpeg" />
<meta name="twitter:card" content="summary_large_image" />
<meta name="twitter:site" content="@brodasbros" />
<script type="application/ld+json" class="yoast-schema-graph">{"@context":"https://schema.org","@graph":[{"@type":"WebPage","@id":"https://www.brodasbros.com/ca/events/brodas-bros-jurado-en-premis-coreografics-catalunya/","url":"https://www.brodasbros.com/ca/events/brodas-bros-jurado-en-premis-coreografics-catalunya/","name":"BRODAS BROS JURADO EN \"PREMIS COREOGRÀFICS CATALUNYA\" EN SANT BOI DE LLOBREGAT - Brodas Bros","isPartOf":{"@id":"https://www.brodasbros.com/ca/#website"},"primaryImageOfPage":{"@id":"https://www.brodasbros.com/ca/events/brodas-bros-jurado-en-premis-coreografics-catalunya/#primaryimage"},"image":{"@id":"https://www.brodasbros.com/ca/events/brodas-bros-jurado-en-premis-coreografics-catalunya/#primaryimage"},"thumbnailUrl":"https://www.brodasbros.com/wp-content/uploads/2019/11/VANER_bros-300x119.jpg","datePublished":"2021-04-17T20:00:33+00:00","dateModified":"2021-06-04T09:24:46+00:00","breadcrumb":{"@id":"https://www.brodasbros.com/ca/events/brodas-bros-jurado-en-premis-coreografics-catalunya/#breadcrumb"},"inLanguage":"ca","potentialAction":[{"@type":"ReadAction","target":["https://www.brodasbros.com/ca/events/brodas-bros-jurado-en-premis-coreografics-catalunya/"]}]},{"@type":"ImageObject","inLanguage":"ca","@id":"https://www.brodasbros.com/ca/events/brodas-bros-jurado-en-premis-coreografics-catalunya/#primaryimage","url":"https://www.brodasbros.com/wp-content/uploads/2019/11/VANER_bros-300x119.jpg","contentUrl":"https://www.brodasbros.com/wp-content/uploads/2019/11/VANER_bros-300x119.jpg","width":300,"height":119},{"@type":"BreadcrumbList","@id":"https://www.brodasbros.com/ca/events/brodas-bros-jurado-en-premis-coreografics-catalunya/#breadcrumb","itemListElement":[{"@type":"ListItem","position":1,"name":"Portada","item":"https://www.brodasbros.com/ca/"},{"@type":"ListItem","position":2,"name":"Events","item":"https://www.brodasbros.com/ca/events/"},{"@type":"ListItem","position":3,"name":"BRODAS BROS JURADO EN &#8220;PREMIS COREOGRÀFICS CATALUNYA&#8221; EN SANT BOI DE LLOBREGAT"}]},{"@type":"WebSite","@id":"https://www.brodasbros.com/ca/#website","url":"https://www.brodasbros.com/ca/","name":"Brodas Bros","description":"","publisher":{"@id":"https://www.brodasbros.com/ca/#organization"},"potentialAction":[{"@type":"SearchAction","target":{"@type":"EntryPoint","urlTemplate":"https://www.brodasbros.com/ca/?s={search_term_string}"},"query-input":{"@type":"PropertyValueSpecification","valueRequired":true,"valueName":"search_term_string"}}],"inLanguage":"ca"},{"@type":"Organization","@id":"https://www.brodasbros.com/ca/#organization","name":"Brodas Bros","url":"https://www.brodasbros.com/ca/","logo":{"@type":"ImageObject","inLanguage":"ca","@id":"https://www.brodasbros.com/ca/#/schema/logo/image/","url":"https://www.brodasbros.com/wp-content/uploads/2019/10/BrodasBros-red.svg","contentUrl":"https://www.brodasbros.com/wp-content/uploads/2019/10/BrodasBros-red.svg","width":405,"height":247,"caption":"Brodas Bros"},"image":{"@id":"https://www.brodasbros.com/ca/#/schema/logo/image/"},"sameAs":["https://www.facebook.com/brodasbros","https://x.com/brodasbros","https://www.instagram.com/brodasbros.official/","https://www.youtube.com/user/Brodasbros"]}]}</script>
<!-- / Yoast SEO plugin. -->

BRODAS BROS JURADO EN "PREMIS COREOGRÀFICS CATALUNYA" EN SANT BOI DE LLOBREGAT - Brodas Bros

Brodas Bros será uno de los miembros del jurado de los &#8220;premis coreogràfics Catalunya&#8221; que se celebrará en Sant boi de Llobregat
